)*1/(-2). Suppose -2*r - 12 = -z*r. Suppose -r - 59 = -5*q. List the prime factors of q.
13
Suppose -4*a - 6 - 46 = 0. List the prime factors of (-13)/a*(-184)/(-2).
2, 23
Suppose l - 66 = 170. Suppose 5*i - l = -2*f, -3*i - 137 = -2*f + 131. List the prime factors of f.
2
Let b(w) = w**3 - 10*w**2 + 13*w - 10. Let v be b(9). Let d = -24 + v. Suppose -6 = 2*s, -o - d*s - 3 = 1. List the prime factors of o.
2
Let h(f) = -5*f**2 + 7*f - 10. Let s be h(7). Let l = s + 442. List the prime factors of l.
2, 59
Let v be (-4 - -3)/(2/(-8)). Suppose -a = v*p - 6*a + 25, a - 5 = 0. Suppose p = -5*c - 6*j + j + 160, 4*c = -3*j + 129. List the prime factors of c.
3, 11
Let b = 29 + -54. Let y = 20 - b. What are the prime factors of y?
3, 5
Suppose -2*b - 1714 = -5*c, -c = 5*b + 99 - 431. Suppose -c = m - 10*m. List the prime factors of m.
2, 19
Suppose 12*z = 17051 - 4079. List the prime factors of z.
23, 47
Suppose -j - j = -4. Suppose u + 15 = -4*u, 3*u + 87 = j*g. What are the prime factors of g?
3, 13
Suppose -3*n + 0*n = a + 14, 22 = -5*n - a. Let u(i) = -63*i + 5. List the prime factors of u(n).
257
Let q(h) = h**2 - 7*h - 5. Let x be q(5). Let o be x/5 + -1 + 21. Suppose 3*i - 82 = -s + o, -i = -3*s - 33. What are the prime factors of i?
3, 11
Let k(q) = 8*q**2 + 26*q - 10. List the prime factors of k(-8).
2, 3, 7
Suppose 4*k = 2*n - 580, 3*n + 47 = 3*k + 482. Let z = 245 + k. What are the prime factors of z?
2, 5
Let l = 4743 - 2780. What are the prime factors of l?
13, 151
Suppose 6198 - 2326 = 8*s. What are the prime factors of s?
2, 11
Suppose -4*v - 2*h = -3*h - 4437, 0 = -v - 4*h + 1105. List the prime factors of v.
1109
Let r(d) = d**2 - d - 1. Let w(t) = 2*t**2 + 3*t - 7. Let a(h) = -r(h) + w(h). What are the prime factors of a(6)?
2, 3
Suppose t - 3*t = -42. Suppose 4*i - 13 = k, 2*i - 3*k + t = -8*k. Suppose -l + u + u = -6, 0 = 4*l - i*u - 36. What are the prime factors of l?
2, 5
Let q = -11 - -6. Let t = q - -40. List the prime factors of t.
5, 7
Let q be (-2)/(-7) - 13260/(-42). Let d = q + -146. List the prime factors of d.
2, 5, 17
Suppose -5*b - 384 = -8*b. Suppose -8*z + 6*z + b = 0. What are the prime factors of z?
2
Let p = -12 + 17. Let u(j) = -3*j**2 - 7*j + 9. Let s(f) = -f**2 - 4*f + 4. Let y(m) = p*s(m) - 2*u(m). List the prime factors of y(7).
3
Suppose 4*t - 234 = -4*s + t, s - 59 = -t. Suppose s = 5*h - 3*x, -2*h + 8 + 19 = 3*x. What are the prime factors of ((-19)/2)/((-6)/h)?
19
Let x(w) = -w**3 - 8*w**2 - 10*w - 4. Let b = -33 + 18. Let p be 110/b + (-1)/(-3). List the prime factors of x(p).
17
Let s(b) = b - 3 + 0 - 3*b. Let m be s(-14). Suppose -2*y - m = -7*y. List the prime factors of y.
5
Suppose -2818 = -3*i - 2*m, 0 = 14*m - 13*m + 1. List the prime factors of i.
2, 5, 47
Suppose 10*v - 7*v = -x + 446, -4*v + 598 = 2*x. List the prime factors of v.
3, 7
Let g(a) = -93*a**3 + a**2 - a - 5. Let q(r) = 92*r**3 - 2*r**2 + 6. Let k(j) = 3*g(j) + 2*q(j). What are the prime factors of k(-1)?
2, 47
Let q = 39 + -35. Suppose -4 = -2*l, q*c - c - 5*l = 608. What are the prime factors of c?
2, 103
Let t be (5/10)/((-1)/(-12)). Let r be 2/t + (-176)/24. Let h = r - -9. What are the prime factors of h?
2
What are the prime factors of 293457/(-368)*-6 + 3/8?
3, 5, 11, 29
Let t(g) = g**3 + 13*g**2 - 32*g - 34. What are the prime factors of t(-12)?
2, 13, 19
Suppose v = 3*g - 3, -2*g - 3*v - 2*v = -19. Suppose -g*l + 6 = -0. What are the prime factors of (3 - (-80)/12)*l?
29
Let b(w) = -w**2 + 4*w + 12. Let a be b(6). Suppose 5*q = -a*q. Suppose -4*g + 251 + 57 = q. What are the prime factors of g?
7, 11
Suppose 14*s - 6980 - 3856 = 0. What are the prime factors of s?
2, 3, 43
Suppose -6*c + 78 = -4182. What are the prime factors of c?
2, 5, 71
What are the prime factors of (-2)/48*-63884 + 10/(-12)?
3, 887
List the prime factors of (-190)/(1/(-6 + 4)).
2, 5, 19
Let b be -4 - -8*(-3)/(-6). Suppose b = -3*p, 2*p = -0*d + 2*d. Suppose 8*j - 4*j - 120 = d. List the prime factors of j.
2, 3, 5
Let o(w) = -4*w - 4 + 7 - w - 7*w**2 - 3*w**3 + 1. What are the prime factors of o(-4)?
2, 13
Let c(x) = 501*x**2 + 24*x + 5. List the prime factors of c(-2).
37, 53
Suppose 0 = -0*n - n + 2. Let j(m) = 2*m**2 - 2. List the prime factors of j(n).
2, 3
Let f(n) = -n**2 - 2*n + 6. Let d be f(-3). Suppose 170 = d*a + 2*v + 2*v, -5*a + 4*v = -262. What are the prime factors of a?
2, 3
Suppose 16*f = 11*f - 40. List the prime factors of f/16 - (0 - (-57)/(-2)).
2, 7
Suppose -517 = -4*y - 3*v, 127 = y - 0*v + 3*v. What are the prime factors of y?
2, 5, 13
Suppose -7*n + 6*n = 5*a - 172, 0 = 5*n + 3*a - 948. List the prime factors of n.
2, 3
Let w(y) = -y - 2. Let l be w(2). Let a = l - -45. What are the prime factors of a?
41
Let p = 316 - -139. What are the prime factors of p?
5, 7, 13
Let u be (-4576)/(-24) - (-1)/3. Let w = u - 94. What are the prime factors of w?
97
Let m = -48 - -104. Suppose -6*y + 20 = -y. Suppose 2*s = y, i = 3*i + s - m. List the prime factors of i.
3
Let v(r) = -221*r + 326. List the prime factors of v(-10).
2, 317
Suppose 9 = 2*l - 4*m - 13, 4*l - 2*m = 20. Suppose q - 365 = -4*q. Suppose 60 = 4*j + 2*s, 0*j - 5*j - l*s + q = 0. What are the prime factors of j?
17
Suppose -5*u = 0, -10*d + 6*d + 4*u + 1352 = 0. What are the prime factors of d?
2, 13
Let m be 9/4 - 17/68. Suppose 2 = 4*k - m, 1638 = 5*d - 2*k. List the prime factors of d.
2, 41
Suppose -4*u + 2*u = 10. Let m(i) = i**3 + 9*i**2 + 4*i - 10. Let f be m(u). Suppose -2*a - f = -7*a. What are the prime factors of a?
2, 7
Suppose 5*q + 4*o = -2, 2*q - 7*o + 3*o = 16. Suppose 2*k = s + 49, -q*k - k + 3*s + 69 = 0. What are the prime factors of k?
2, 13
Let y be (6/4)/(-1 + 126/124). Let h = -47 + y. What are the prime factors of h?
2, 23
Suppose -31*h + 1011 = 205. Let p(t) = -11*t**2. Let x be p(1). Let w = x + h. List the prime factors of w.
3, 5
Let p(v) = -v**3 + 17*v**2 + 19*v - 25. Let k be p(18). Let z = 19 - k. List the prime factors of z.
2, 13
Suppose 0 = 16*d - 20*d - 4. List the prime factors of ((-735)/(-84))/(d/(-4)).
5, 7
Let q(l) = 2*l + 4. Let o be -4*((-1)/2 - -3). Let r be q(o). Let v = r - -45. List the prime factors of v.
29
Let x(o) = o**3 - 7*o**2 - 8*o + 26. Let q be x(8). Suppose 21*w = q*w - 1295. List the prime factors of w.
7, 37
Suppose 0 = -3*b + b - 8. Let n = b - -9. Suppose g - 3*p + 103 = n*g, 91 = 3*g + 5*p. What are the prime factors of g?
2, 11
What are the prime factors of 7 - (-10 + -466 + -4)?
487
Suppose 2*u + s = -30, 6*u - 2*u + 56 = -s. Let a = u + 13. Suppose 3*m - 40 = -2*j - a*m, -2*m + 50 = 3*j. What are the prime factors of j?
2, 7
Let s(c) = 137 + c + 9*c**3 - 10*c**3 + c - c**2. What are the prime factors of s(0)?
137
Let y(x) be the second derivative of -x**5/20 + x**4/12 - x**3/6 - x**2 + 5*x. Let p be y(2). Let t(d) = -d**2 - 10*d - 12. List the prime factors of t(p).
2
Let a(x) = -x**3 - 7*x**2 + 6*x - 2. Let p be a(-8). Suppose 2*d = p + 76. What are the prime factors of d?
3, 5
Let l be (7 - 14)*(0 - 1). Suppose -l*o = -2*o. Suppose -y + 5 + 9 = o. What are the prime factors of y?
2, 7
Let n be (-22)/(-3)*(-15)/(-10). Suppose a - 2*a = -n. Let k = 13 - a. What are the prime factors of k?
2
Let d be 1 + -2 - 595/5. Let n be 12/(-21) - d/(-35). List the prime factors of (n/(-2))/((-6)/(-201)).
67
Let m be (-4)/(-18) - (-10968)/216. Suppose -3*v + m = o, -v + 5*o = -4 + 3. List the prime factors of v.
2
Suppose 64 - 434 = -5*z. Suppose -5*x + 63 = 3*s, z = 9*s - 4*s - 2*x. List the prime factors of s.
2
Suppose 10*n - 6173 = 17237. List the prime factors of n.
2341
Suppose -i + 12 = -11*c + 14*c, -2*c = -6. What are the prime factors of (-318)/(9/(-6) + i - 3)?
2, 53
List the prime factors of (58/(-4))/(5/(-150)).
3, 5, 29
Let q = -2819 + 4542. List the prime factors of q.
1723
Let l(c) = 85*c - 487. List the prime factors of l(32).
7, 11, 29
Let b(c) = -3*c + 2. Let d be b(0). What are the prime factors of (-79 + 6/d)*-2?
2, 19
Let q = 100 - 298. Let s = 313 + q. What are the prime factors of s?
5, 23
Let k be -1 - (1 + 34 - 1). Suppose -21*z + 29*z - 616 = 0. Let q = k + z. What are the prime factors of q?
2, 3, 7
Let v(a) = -2*a**2 + 54*a + 18. Suppose 3*p = -5*l + 90, -l = -p - p + 47. List the prime